?
5
Suppose 22652 = -42*l + 56*l. What is the units digit of l?
8
Let f(y) = 2*y**2 + y - 100. What is the hundreds digit of f(-16)?
3
Suppose -4*m + 1029 = -5*f, -3*m - f + 763 = -3*f. What is the tens digit of m?
5
What is the hundreds digit of (1*-481)/(8/(-16))?
9
Suppose 5*z + 5035 = 5*l, 0 = 8*l - 6*l + 4*z - 2038. What is the units digit of l?
1
What is the tens digit of 10 - (6 + (-1330 - -3))?
3
Suppose 52 = 2*m + 46. What is the hundreds digit of 1/(18/12*m/657)?
1
Suppose -46 = -19*v + 30. Suppose 520 + 152 = v*q. What is the units digit of q?
8
Suppose 2190 = 828*t - 827*t. What is the tens digit of t?
9
Let f = -20 - 3. Suppose 12*r + 180 = 7*r. Let a = f - r. What is the units digit of a?
3
Let b(g) = g**3 - 11*g**2 - 4*g + 11. Let l = 0 + 12. What is the units digit of b(l)?
7
Suppose -9742 = -2*h - f, -24360 = -5*h - 41*f + 36*f. What is the units digit of h?
0
Let i be 5/(((-2)/(-6))/((-2)/(-6))). Suppose 0*j = -i*l + j + 327, -192 = -3*l + 2*j. What is the tens digit of l?
6
Let n = 0 + 60. Suppose -i - 3*i + n = 0. Suppose 4*m + i = 55. What is the tens digit of m?
1
Let m = 2683 + 1287. What is the tens digit of m?
7
Let k = 1216 - 790. What is the tens digit of k?
2
Let x(g) = g**3 + 10*g**2 + 10*g + 2. Let r be x(-9). Let m be (2/4)/(r/(-84)). What is the units digit of m - (-5)/(5/(-2))?
4
Let i(b) be the third derivative of b**5/60 + b**4/4 + 2*b**3/3 - 4*b**2. Let x be i(-6). Suppose -x - 1 = -5*a, 0 = 3*l + a - 46. What is the tens digit of l?
1
Suppose 7*g = 9*g - 40. Suppose -2*w - g = w - m, -5*w - 5 = 4*m. What is the tens digit of (-63)/(-3) + (w - -2)?
1
Let b = -655 - -606. Suppose -5*i + 304 = -i. Let s = b + i. What is the tens digit of s?
2
Let i(y) = 10*y**2 + 8*y + 3. Let h(u) = -u. Let r(q) = 3*h(q) + i(q). What is the units digit of r(-3)?
8
Let f(k) = -k**3 - 9*k**2 + 3*k + 25. Let n be f(-9). Let u = 79 - n. What is the units digit of u?
1
Let g = -15 + 13. Let s be 3 + g + (0 - -2). Let h = s + 16. What is the units digit of h?
9
Let v be ((-9)/12)/((-24)/64). Suppose -c = -v*q + 156, 0 = -2*q - c - 3*c + 166. What is the units digit of q?
9
What is the units digit of (-3)/(-2)*724 + (2 - -1)?
9
Let c(j) = 4*j**2 + 3*j + 2. Let q = -2 + -4. Let a be c(q). Suppose 0 = -g + 5*g - a. What is the units digit of g?
2
Let n(g) = 2*g**2 - g + 2. Let d be n(-8). Let u = d - 77. What is the units digit of u?
1
Let v(x) = 3*x**3 - 11*x**2 + 6*x - 2. What is the hundreds digit of v(5)?
1
Suppose -5*s + a + 597 = 0, 0 = -29*s + 30*s - a - 121. What is the units digit of s?
9
Let l(c) = -c**3 + 29*c**2 - 2*c + 18. What is the thousands digit of l(15)?
3
Suppose -2*q + 60 = -4*g, -5*g + 2*g = 4*q - 76. Suppose a = -v + 26, 0 = -2*a + 5*v - 5 + q. Let c = a - 3. What is the units digit of c?
8
Let t = 1888 + -1253. What is the hundreds digit of t?
6
Let a = 938 - 498. What is the hundreds digit of a?
4
Let l(y) = 10*y**2 - 2*y - 2. Let k(r) = r**3 + 9*r**2 - r - 6. Let w be k(-9). What is the tens digit of l(w)?
8
Let h = -850 + 1277. What is the hundreds digit of h?
4
Suppose 4*q + 2*n - 585 = 7*n, -3*q - 5*n + 430 = 0. Suppose i + 4*j = -19 + q, -132 = -i + 2*j. What is the units digit of i?
0
Let l be 2/(-9) + (-58)/(-18). Suppose -3*i = -3*x - 3, -5*i = -l*x + 4*x - 17. Suppose -6 - 2 = -x*p. What is the units digit of p?
4
Suppose 100*x - 102*x = 4*h - 7186, -h = -4*x - 1774. What is the thousands digit of h?
1
Suppose -10*w - 1634 = -11*w. What is the units digit of w?
4
Suppose -7*f + 4*f - j = -4157, 0 = -2*f - 5*j + 2767. What is the hundreds digit of f?
3
Suppose 3*f = -3*h + 5862, 0 = -3*h - 5*f + 4*f + 5872. What is the tens digit of h?
5
Suppose p + 20 = 4*w, -3*p - w = 26 + 8. Let f = 15 + p. Suppose 23 - f = 2*b. What is the tens digit of b?
1
Suppose 1 = -3*j - 11, l = -3*j - 21. What is the tens digit of 97/9 - 2/l?
1
Let z = 63 - 72. What is the hundreds digit of (-58)/4*-2*(-5 - z)?
1
Let c = 36 + 9. Let h = -5 + c. What is the units digit of h?
0
What is the hundreds digit of ((-524)/(-16))/(7/28)?
1
Let o(w) = 69*w**2 - 50*w + 8. What is the tens digit of o(-3)?
7
Let z(a) = -3*a + 4. Let v be z(-4). Let o = 12 - v. What is the tens digit of (2 - o)*(5 - -2)?
4
Suppose 59*l - 55*l = -592. Let u = l - -237. What is the tens digit of u?
8
Suppose 0 = 3*x - t - 6690, 16*t = x + 13*t - 2230. What is the units digit of x?
0
Let y = 22 + 1. Let u = y - 20. Suppose u*x - 104 + 26 = -3*g, -g - 2*x + 25 = 0. What is the units digit of g?
7
Let a = -15 - 12. Let o = 116 + a. What is the tens digit of o?
8
Let x = -724 - -773. What is the units digit of x?
9
Let n(u) = -u**3 + 43*u**2 + 10*u + 229. What is the hundreds digit of n(43)?
6
Let z be 1*(-3 - (-4 - -1)). Suppose z = -y, -3*o = -o - 5*y - 230. What is the hundreds digit of o?
1
Let w = -147 - -152. Let m(h) = -2*h**3 + 17*h**2 - 7*h + 10. Let y(o) = -o**3 + 9*o**2 - 3*o + 5. Let d(s) = -4*m(s) + 7*y(s). What is the units digit of d(w)?
0
Suppose 5*a + 2*g = -363, 4*g = 2*g - 8. Let o = a - -72. What is the units digit of o?
1
Let b be 1/(-2) + 0 + (-147)/(-2). Suppose -u = -2*z - b - 24, 5*u + z - 485 = 0. What is the tens digit of u?
9
Suppose 2*s - 4*s - 33 = -3*r, 0 = -r - 4*s - 3. What is the units digit of r?
9
Suppose 4*s - 3*s - 136 = 0. Suppose k - 5*k = -s. What is the units digit of k?
4
Let o = 37 - -6. Let d = o + 23. Let n = -38 + d. What is the units digit of n?
8
Let f = -23 - -32. Suppose -3*h = -5*x + 229, 2*h + f = x - 34. What is the tens digit of x?
4
Let t(l) = -l**2 - 8*l - 2. Let o be t(-7). Let w(m) = m - 3 + 2*m + o*m. What is the units digit of w(2)?
3
Let v(g) = 5*g + 2. Let y be v(0). Suppose -a - 43 = -4*a - y*z, 4*a - 60 = -4*z. What is the tens digit of a?
1
Let a = 4671 + -2441. What is the tens digit of (-2)/(-7) + a/35?
6
Suppose 0 = -2*d - 0*d + 2*l + 32, -2*l = 2*d - 28. Let o = -12 + d. Suppose 0 = -o*t - 4*a - 10, 3*a + 2 = -3*t + a. What is the units digit of t?
2
Suppose 5*l - l = 16. Suppose -618 = -6*d + d - 4*g, -l*d + 3*g + 513 = 0. What is the tens digit of d?
2
Suppose 6*w = 8*w. Suppose -22 = -4*a + 5*f + 10, w = 5*a + 4*f + 1. Suppose -10 = -a*d - 4. What is the units digit of d?
2
Suppose -2*p - 2*m = -1375 + 213, 4*p - 5*m = 2333. What is the hundreds digit of p?
5
Let w = 26 - 23. Suppose u - 4 = 0, -y - w*u + 55 = -2*u. What is the tens digit of y?
5
What is the units digit of 6 + (584 - 0) + -5?
5
What is the tens digit of (-8 - -1218)/5 - 6?
3
Suppose -12*p = -15*p + 57. Let s be ((-4)/6)/(1/(-3)). Suppose -27 = -s*d + p. What is the units digit of d?
3
Let t = -8 + 8. Let q(s) = -2*s - 12. Let u(z) = 1. Let l(o) = -q(o) - 4*u(o). What is the units digit of l(t)?
8
Suppose -21*z - 11*z + 60128 = 0. What is the thousands digit of z?
1
Let y(x) = x**3 + x - 12*x**2 - 6*x - 8*x + 6. Let n be y(13). What is the units digit of n*(-3)/8*-16?
6
Let n(j) be the third derivative of -j**5/60 - 17*j**4/24 + 7*j**3/2 + 13*j**2. What is the units digit of n(-14)?
3
Let r(y) = -12*y - 6. Let i(b) = -b**2 - 12*b + 17. Let x be i(-13). Let p be r(x). Let q = 91 + p. What is the tens digit of q?
3
What is the tens digit of 49500/63 - (-4)/14?
8
What is the hundreds digit of (-1)/((-4)/84240*6)?
5
Let b be -2 - -2 - -1 - 0. Let x be (3/(-9))/(b/(-6)). Let h = x - -24. What is the units digit of h?
6
Let m = 494 - 202. What is the hundreds digit of m?
2
Suppose 0 = 34*m - 15*m - 9120. What is the units digit of m?
0
Let u(a) = a**2 - 3*a + 30. Let x be u(-19). Suppose -x = -4*d + 5*n, 2*d = 4*d - 3*n - 222. What is the hundreds digit of d?
1
Suppose -a + 4*j = -2223, 19*a - 3*j = 23*a - 8797. What is the thousands digit of a?
2
Suppose 75*l = 57*l + 4590. What is the tens digit of l?
5
Let m = 20 - 17. Suppose m*c + b = 70, 3*c - 7*c - 4*b = -96. Suppose 0 = -0*j + j - c. What is the units digit of j?
3
Let j = -24 + 37. Let t = j + -16. Let r(c) = c**3 + 2*c**2 - 8*c - 2. What is the tens digit of r(t)?
1
Suppose -2*h + 722 = 4*q, -q - 373 = -3*h + 2*h. What is the units digit of h?
9
Suppose 0 = w + 6*w - 189. Suppose -w*l + 22*l = -365. What is the tens digit of l?
7
Let u = 7 - 4. Suppose 0 = v - u*f - 75 - 158, -5*v + 1147 = 3*f. What is the hundreds digit of v?
2
Let l be (-1899)/(-27) + (-1 - (-4)/6)